inder when 8547 is divided by 2445.
1212
What is the remainder when 1284900 is divided by 289?
6
Calculate the remainder when 1000498 is divided by 87.
85
Calculate the remainder when 11923 is divided by 277.
12
Calculate the remainder when 504820 is divided by 53.
48
Calculate the remainder when 1736 is divided by 56.
0
What is the remainder when 26074 is divided by 118?
114
What is the remainder when 4697 is divided by 909?
152
What is the remainder when 15908 is divided by 60?
8
What is the remainder when 142675 is divided by 36?
7
Calculate the remainder when 3761 is divided by 132.
65
What is the remainder when 145805 is divided by 1551?
11
Calculate the remainder when 5563 is divided by 242.
239
Calculate the remainder when 19017 is divided by 325.
167
Calculate the remainder when 46147 is divided by 7688.
19
Calculate the remainder when 278759 is divided by 521.
24
Calculate the remainder when 250759 is divided by 51.
43
Calculate the remainder when 2617 is divided by 1228.
161
What is the remainder when 12733 is divided by 4243?
4
What is the remainder when 20849 is divided by 132?
125
Calculate the remainder when 7576 is divided by 279.
43
What is the remainder when 55722 is divided by 516?
510
Calculate the remainder when 4347 is divided by 4281.
66
What is the remainder when 28536 is divided by 286?
222
Calculate the remainder when 10812 is divided by 337.
28
What is the remainder when 8543 is divided by 2081?
219
Calculate the remainder when 21088 is divided by 111.
109
What is the remainder when 5559 is divided by 140?
99
What is the remainder when 6356 is divided by 353?
2
What is the remainder when 21202 is divided by 7054?
40
Calculate the remainder when 12598 is divided by 243.
205
What is the remainder when 5876 is divided by 976?
20
Calculate the remainder when 3141 is divided by 727.
233
What is the remainder when 1084 is divided by 45?
4
Calculate the remainder when 8877 is divided by 2210.
37
Calculate the remainder when 102081 is divided by 47.
44
Calculate the remainder when 11757 is divided by 40.
37
Calculate the remainder when 5756 is divided by 841.
710
Calculate the remainder when 14932 is divided by 24.
4
What is the remainder when 15780 is divided by 74?
18
Calculate the remainder when 58327 is divided by 317.
316
Calculate the remainder when 647 is divided by 109.
102
Calculate the remainder when 1021824 is divided by 6.
0
What is the remainder when 94878 is divided by 144?
126
What is the remainder when 99913 is divided by 411?
40
What is the remainder when 135471 is divided by 65?
11
What is the remainder when 465113 is divided by 485?
483
Calculate the remainder when 572472 is divided by 286226.
20
What is the remainder when 5008 is divided by 73?
44
What is the remainder when 6512999 is divided by 500?
499
What is the remainder when 91191 is divided by 65?
61
What is the remainder when 78425 is divided by 8713?
8
Calculate the remainder when 2138275 is divided by 4.
3
Calculate the remainder when 80696 is divided by 40339.
18
What is the remainder when 272 is divided by 12?
8
What is the remainder when 63732 is divided by 17?
16
What is the remainder when 17158167 is divided by 17?
16
What is the remainder when 35190 is divided by 128?
118
Calculate the remainder when 8156 is divided by 11.
5
What is the remainder when 144701 is divided by 417?
2
Calculate the remainder when 880 is divided by 24.
16
Calculate the remainder when 162285 is divided by 46.
43
Calculate the remainder when 6161 is divided by 212.
13
What is the remainder when 2389 is divided by 184?
181
What is the remainder when 58903 is divided by 55?
53
What is the remainder when 589 is divided by 18?
13
What is the remainder when 118901 is divided by 118885?
16
Calculate the remainder when 2186 is divided by 38.
20
Calculate the remainder when 7752 is divided by 74.
56
What is the remainder when 5430 is divided by 1807?
9
Calculate the remainder when 33987 is divided by 206.
203
Calculate the remainder when 29913 is divided by 730.
713
What is the remainder when 990740 is divided by 8?
4
Calculate the remainder when 199173 is divided by 209.
205
What is the remainder when 4060 is divided by 226?
218
Calculate the remainder when 27041 is divided by 2080.
1
What is the remainder when 2950 is divided by 1257?
436
What is the remainder when 3627 is divided by 11?
8
Calculate the remainder when 4010 is divided by 3337.
673
Calculate the remainder when 7718 is divided by 3841.
36
Calculate the remainder when 480962 is divided by 21.
20
What is the remainder when 5902 is divided by 160?
142
What is the remainder when 20278 is divided by 10058?
162
Calculate the remainder when 2545 is divided by 674.
523
Calculate the remainder when 26674 is divided by 416.
50
Calculate the remainder when 587585 is divided by 43.
33
What is the remainder when 16649 is divided by 96?
41
What is the remainder when 2084 is divided by 959?
166
What is the remainder when 89340 is divided by 859?
4
What is the remainder when 8115 is divided by 1160?
1155
Calculate the remainder when 49919 is divided by 65.
64
What is the remainder when 72080 is divided by 793?
710
What is the remainder when 353 is divided by 278?
75
What is the remainder when 106388 is divided by 179?
62
What is the remainder when 28963 is divided by 543?
184
What is the remainder when 137940 is divided by 137932?
8
What is the remainder when 11029 is divided by 187?
183
What is the remainder when 668010 is divided by 1088?
1066
What is the remainder when 25917 is divided by 20?
17
Calculate the remainder when 444465 is divided by 88.
65
Calculate the remainder when 112 is divided by 16.
0
What is the remainder when 1030 is divided by 37?
31
What is the remainder when 7767 is divided by 1096?
95
Calculate the remainder when 109643 is divided by 54811.
21
What is the remainder when 9783 is divided by 42?
39
What is the remainder when 10600 is divided by 106?
0
What is the remainder when 63483 is divided by 203?
147
What is the remainder when 4357 is divided by 575?
332
Calculate the remainder when 40395 is divided by 1754.
53
Calculate the remainder when 9590949 is divided by 24.
21
What is the remainder when 19598 is divided by 3262?
26
Calculate the remainder when 11856 is divided by 475.
456
What is the remainder when 1540 is divided by 765?
10
Calculate the remainder when 1621 is divided by 21.
4
Calculate the remainder when 5377 is divided by 957.
592
Calculate the remainder when 822 is divided by 436.
386
What is the remainder when 2032 is divided by 172?
140
What is the remainder when 595257 is divided by 180?
177
Calculate the remainder when 165434 is divided by 126.
122
Calculate the remainder when 52202 is divided by 77.
73
What is the remainder when 3286 is divided by 5?
1
Calculate the remainder when 1616 is divided by 616.
384
Calculate the remainder when 30796 is divided by 77.
73
Calculate the remainder when 58305 is divided by 2082.
9
Calculate the remainder when 2198575 is divided by 8.
7
What is the remainder when 13357 is divided by 93?
58
What is the remainder when 4670 is divided by 2327?
16
Calculate the remainder when 5060 is divided by 24.
20
Calculate the remainder when 4137 is divided by 275.
12
Calculate the remainder when 10537 is divided by 2628.
25
Calculate the remainder when 4049 is divided by 150.
149
What is the remainder when 5567 is divided by 21?
2
What is the remainder when 153542 is divided by 473?
290
What is the remainder when 1124 is divided by 608?
516
Calculate the remainder when 10538 is divided by 212.
150
Calculate the remainder when 12841 is divided by 2130.
61
Calculate the remainder when 1365 is divided by 106.
93
Calculate the remainder when 82161 is divided by 41.
38
What is the remainder when 1133 is divided by 341?
110
Calculate the remainder when 5487 is divided by 48.
15
What is the remainder when 3858906 is divided by 914?
912
Calculate the remainder when 347215 is divided by 122.
3
What is the remainder when 4023 is divided by 1557?
909
What is the remainder when 182040 is divided by 662?
652
What is the remainder when 11925 is divided by 7?
4
What is the remainder when 11089 is divided by 11063?
26
What is the remainder when 2682 is divided by 1